 digit of l?
2
Let o(t) = 3*t**2 + 2*t - 1. Suppose 0 = -3*w + w - 8. Let k = w - -2. What is the units digit of o(k)?
7
Let f = -39 + 28. Suppose 4*m + 3*p = 75, -4*m + 3*p + 0*p = -69. Let s = m + f. What is the units digit of s?
7
Let w(k) = 4*k + 4. What is the units digit of w(3)?
6
Suppose -5*q + 160 = 5*i, 0*i + 2*i = 3*q + 84. What is the units digit of i?
6
Suppose 3*r + 5 = 17. Suppose 0 = -q + j, r*q - 4 = q + j. Suppose 2*l = q*b + 2, 5*l = l + 2*b + 10. What is the units digit of l?
4
Suppose -s = 4*s - 120. What is the units digit of 1/(-3) - (-920)/s?
8
Let w = -22 - -69. What is the units digit of w?
7
Let q(w) = -w - 6. What is the units digit of q(-8)?
2
Let m be 2*(-2 + 17/2). Let f = 21 - m. What is the units digit of f?
8
Let l = 4 - 7. Let k = l - -5. Let w = k - -10. What is the tens digit of w?
1
Suppose -5*o - 18 - 7 = 0. Let h = o + 9. Suppose -4*y + h*x = -29 - 15, -3*x + 9 = 4*y. What is the units digit of y?
6
Let j(u) = u - 8*u**2 + u**3 - 7 + 0*u**3 + u. What is the units digit of j(8)?
9
Let i be (-1 - 0)*(-20)/5. Let q be i/(-14) + (-51)/(-7). Let w = q + -6. What is the units digit of w?
1
Suppose g + g = 12. What is the tens digit of ((-44)/6)/((-4)/g)?
1
Let w(s) = s**3 - 3*s**2 - s + 2. Let a be w(3). Let o(r) = -7*r**3 - r**2 - r. What is the units digit of o(a)?
7
Let y(l) = -l**3 - 4*l**2 + 4*l - 1. Let o be y(-5). Let q be (-15)/3*o/10. What is the units digit of q/3 + 11/3?
3
Suppose j = -4*j + 10. Suppose j*g + 2 = 4. What is the units digit of (6 - g) + -2 + 1?
4
Suppose -3 = 4*a - 3*a. Let f = 21 - 16. Let w = a + f. What is the units digit of w?
2
Suppose 6*l + 862 = 2440. What is the tens digit of l?
6
Suppose -3*g + 0*g = -99. What is the units digit of g?
3
What is the units digit of -1 + ((-12)/(-10))/(15/50)?
3
What is the units digit of 4*((-2)/(-8))/(7/350)?
0
Let p(o) = o**3 + 9*o**2 + 5*o + 1. Let j be 0 + 1 + (-7 - 2). Let h be p(j). Suppose u + 9 - h = -5*a, -4*a + 14 = 2*u. What is the units digit of a?
3
Let h = -16 - -20. Suppose 0 = 2*z + 1 - 5. Suppose -h*y + z*y = -28. What is the units digit of y?
4
Let x(c) = c**3 - 12*c**2 - 4*c + 9. Let a(h) = h**2 - 1. Let v(t) = -5*a(t) - x(t). What is the tens digit of v(7)?
2
Let b be 4/((-1)/1*-1). Suppose 0*k - k = -2*l, 2*k = 2*l + b. What is the units digit of l?
2
What is the tens digit of 16*(2 - 20/(-16))?
5
Let z(x) = x**3 - 3*x**2 + 4*x - 2. Let f be z(4). Suppose -82 = -2*n - t, -193 = -5*n + 2*t + f. What is the tens digit of n?
4
What is the tens digit of 1 + 90 + (4 - 3)?
9
Let i(p) be the second derivative of -p**4/12 + 4*p**2 - 2*p. What is the units digit of i(0)?
8
Let l(j) = 6*j**2 + 2*j + 4. What is the units digit of l(-3)?
2
What is the hundreds digit of (-8)/(-6) + (-1)/((-18)/1956)?
1
Let d(a) = -4*a**2 - a. Let l be d(-1). What is the units digit of -3*(l/9 - 2)?
7
Let c be 2 - 1*(28 + 3). Let i = c + 51. What is the units digit of i?
2
Let w = -11 - -11. What is the tens digit of (w - -13)/1 + -2?
1
Let r be (12/16)/(2/8). Suppose 5*y - 42 = r*y. What is the tens digit of y?
2
Let l be 0*(3/3)/2. Suppose l = -3*s - 0*s + 33. What is the tens digit of s?
1
Suppose 3*u - 6 = -0. Suppose -u = 3*f - 5. What is the units digit of f?
1
Let o be 2 - 3*(-3 - -4). Let r(q) = q**2. Let a(g) = -7*g**2 + 6*g + 7. Let j(i) = o*a(i) - 6*r(i). What is the units digit of j(8)?
9
Let t = -33 - -134. Suppose -3*q + 4*a + t = 0, q - a = -2*a + 22. What is the tens digit of q?
2
Suppose 0 = 7*l - 804 - 666. What is the hundreds digit of l?
2
Suppose 2*t - 2*h + 18 = 2, 12 = 4*h. What is the units digit of 1*-2*t/2?
5
Let t be (2/4)/(2/28). Let b be (-5)/(-2) + 1/2. Suppose 4*v = b*v + t. What is the units digit of v?
7
Let g(w) = w - 9. Let k be g(10). Let z = 1 + k. Suppose 3*x = -3*m - 12, -2*m - x - z = m. What is the units digit of m?
1
Let i be 8/(-2) + 9/(-9). Let x be ((-36)/10 + 3)*i. Suppose 5*n - 5 = 0, x*y - n + 0*n = 23. What is the units digit of y?
8
What is the hundreds digit of (2 + (-496)/28)/(1/(-7))?
1
Let z(j) = j**3 + 8*j**2 + 9*j + 7. What is the units digit of z(-6)?
5
Suppose 4*o + 7 + 61 = 0. Let t = -12 - o. What is the units digit of t?
5
Let q = 22 - 17. Suppose 2*u - 119 = -u + q*k, 2*u = 5*k + 86. What is the units digit of u?
3
Let q(i) = i**3 - i**2 + i + 2. Let b be q(6). Suppose 0 = 3*p + p - b. Suppose 5*t - p = 4*x, 0*t - 2*t = x - 11. What is the units digit of t?
7
Suppose 2*l - 30 = 7*l. What is the units digit of 0 + 0 - l*3?
8
Let b = -3 + 3. What is the tens digit of (23/(-1) - b)*-1?
2
Suppose -2*j - 3*r = -9 - 20, -2*j + r = -17. What is the units digit of j?
0
Let c be 3/((-3)/(-11)) - 1. Let m = 3 + c. What is the tens digit of m?
1
Suppose 4*x - 6*x = 4. Let o(b) = -b**3 - 6*b**2 - 2*b - 6. Let r be o(-6). What is the units digit of (-8)/x*(r + -4)?
8
Suppose -13 = -y + 11. What is the units digit of y?
4
Suppose -5*w - v = -13, 2*v + 2 = 5*w - 2. Suppose -5*c + w*m + 10 = 0, -2*c + 4 = -7*m + 2*m. Suppose -22 = -0*i - c*i. What is the tens digit of i?
1
Suppose 0 = -2*d - d + 276. What is the units digit of d?
2
Let x = -5 - -11. What is the units digit of x?
6
Let d(l) = 4*l**2. What is the units digit of d(-1)?
4
Suppose -2*u + u + 16 = 0. What is the tens digit of u?
1
Let q = -2 + 3. Let t(b) = 3*b**3 - q - 2*b**3 - 2*b**3. What is the units digit of t(-2)?
7
Let m(x) = 14*x**3 + x - 1. Let s be m(1). Suppose -4*a - 2 = -s. What is the units digit of a?
3
Suppose -s - 72 = -3*a, -6*a + 120 = -a + s. Suppose -a = -3*o + 3*p - 3, 0 = 2*o + 2*p - 6. What is the units digit of o?
5
Let u(x) be the first derivative of -x**4/4 + 8*x**3/3 - 2*x**2 - 10*x + 1. What is the units digit of u(7)?
1
Let x = 7 - 4. Suppose -23 + 104 = 3*s. Suppose 0 = -x*a + 6*a - s. What is the units digit of a?
9
Let i(y) = 5*y**2 + 13*y - 4. Let c(h) = -h**2 - 3*h + 1. Let l(s) = 9*c(s) + 2*i(s). Suppose g + 2*g = 0. What is the units digit of l(g)?
1
Let t = 4 - 6. Let k = 2 + t. Suppose 5*n - 2*p - 20 = -k*n, n - 4*p = 22. What is the units digit of n?
2
Suppose 9*s - 561 = 4*s + y, 0 = -4*s - 2*y + 446. What is the units digit of s?
2
What is the tens digit of 99/(-6)*4/(-6)?
1
Suppose -f = -0*f + 3. Let o(k) = -9*k - 3. What is the tens digit of o(f)?
2
Suppose 7 = -4*r + 43. What is the units digit of r?
9
Let n be 0 + -1 - (-8 - -4). Suppose n*f - 8 - 4 = 0. What is the units digit of f?
4
Let m(t) = -26*t**2 - 3. Let k(v) = 51*v**2 + 5. Let y(h) = 3*k(h) + 5*m(h). Let r be 1*-3*6/(-18). What is the tens digit of y(r)?
2
Let b = 15 - 5. Suppose -2 = 2*d, p - 3 = -3*d - b. What is the units digit of 17/4 + p/16?
4
Suppose -3*d + 15 = 2*d. Let m = d + -3. Let p = 8 + m. What is the units digit of p?
8
Let y = -4 - -7. Suppose 0*o - 3 = -y*o. What is the units digit of o?
1
Suppose -570 = -4*d + d. What is the units digit of d?
0
Let s(b) be the second derivative of b**5/20 - b**4/6 - 5*b**3/6 - b**2 - 2*b. Let p be 14/56 - 15/(-4). What is the tens digit of s(p)?
1
Let u(k) = -1 + 2*k + 0 + k**3 + 4*k**2 - 10*k**2 + 2. What is the tens digit of u(6)?
1
Suppose 2*y - 35 = -3*y + 3*o, -2*y + 13 = -o. Let h = y + -4. Suppose h*c + 16 = 4*c. What is the units digit of c?
4
Let v(b) = 4*b + 1. Suppose 0 = 4*j - 0*j - 16. What is the units digit of v(j)?
7
Suppose -p = -0*p. Suppose p*x + 124 = 4*x. What is the units digit of x?
1
Let p = 590 - 327. What is the hundreds digit of p?
2
Suppose -3*r = 5*y + 8, 3*r = -0*r + 4*y - 53. Let a(c) = -5*c - 9. Let k be a(-6). Let x = k + r. What is the units digit of x?
0
Suppose 155 = 3*m + 2*m. What is the units digit of m?
1
Suppose 465 = 5*z + 5*u, -2*z + 99 + 92 = u. What is the tens digit of z?
9
Let n be 8*(-2)/8*-2. Suppose -6*v = -n*v + 3*c - 7, -4*c - 36 = -3*v. What is the units digit of v?
8
Let h(w) = 3 + w**2 - 3*w**2 + 2 - w**3 + w**2. What is the tens digit of h(-3)?
2
Suppose -2*c + 5*h + 50 = -25, 2*c = -3*h + 83. What is the units digit of c?
0
Let m = 57 - 30. What is the tens digit of m?
2
Let b = -56 + 73. What is the tens digit of b?
1
Suppose -5*k = 5*y - 590, 2*k + 5*y = -k + 362. What is the units digit of k?
4
Let w(y) = y**2 - y. Let c be w(0). Let f = 7 - 5. Suppose 8 = -f*g - 5*v, 5*g = -c*g + v + 34. What is the units digit of g?
6
Let j(